ded by f?
2
Suppose 4*j = -10*j + 854. What is the remainder when 181 is divided by j?
59
Let b = 60 - -47. Calculate the remainder when b is divided by 28.
23
Suppose 0 = 2*j - 0*j + 12. Let m be j/18 + 68/6. Let v = m - 1. What is the remainder when 29 is divided by v?
9
Let k be (2/4)/(4/(-48)). Let h(i) = 6*i - 5. Let j(r) = -30*r + 24. Let n(l) = -11*h(l) - 2*j(l). Calculate the remainder when n(k) is divided by 15.
13
Let o = -798 + -489. Calculate the remainder when 14 is divided by (-2 - (-11)/5) + o/(-165).
6
Let w be (-4 - 4)/2 + 9. Let r be 0 - w/(10/(-4)). What is the remainder when 28 is divided by (-760)/(-50) - r/10?
13
Let m(l) = -l**2 + 9*l + 3. Let i be m(9). Let u = 69 - 29. What is the remainder when u is divided by 49/i + 1/(-3)?
8
Suppose -5*w + m = 236, 5*w = 2*w + 5*m - 124. Let d = w - -66. What is the remainder when 124 is divided by d?
16
Suppose -11*s + 7*s = 296. Calculate the remainder when (2 - -2)*s/(-8) is divided by 10.
7
Suppose 0 = o - 49 - 31. What is the remainder when o is divided by 28?
24
Suppose -2*p = 5*g - 2459, g = -6*p + 4*p + 487. What is the remainder when g is divided by 15?
13
Let y(o) = -o**3 - 22*o**2 - 3*o - 42. Let m = 9 + -2. What is the remainder when y(-22) is divided by m?
3
Let h = 738 - 101. What is the remainder when h is divided by 10?
7
Let o be (-24)/5*30/(-9). What is the remainder when 148 is divided by (-30)/(1*(o/(-4))/4)?
28
Suppose 0 = -13*u + 43 + 256. What is the remainder when (-1592)/(-36) - (-2)/(-9) is divided by u?
21
Let d = 10 + -8. Calculate the remainder when (1185/9)/5*(d - -1) is divided by 27.
25
Let h = 207 + -185. What is the remainder when 58 is divided by h?
14
Let d = -108 + 125. Calculate the remainder when 47 is divided by d.
13
Suppose -1381 + 880 = -3*g. What is the remainder when g is divided by 17?
14
Let u = 2 - 111. Let o = u + 153. Calculate the remainder when o is divided by 12.
8
Suppose 5*i - 4245 = -3*f, 3*f - 1698 = -2*i + f. Calculate the remainder when i is divided by 85.
84
Suppose 0 = -3*n + 2*y + 490, -n - 3*n + 4*y + 652 = 0. What is the remainder when n is divided by (14 + -8 - (32 - 5))*-2?
38
Suppose 3*h - 12 = 3*i, -h - 1 + 8 = -4*i. Suppose 0 = -h*b - 4*j + 18, 2*b + 2*b = -3*j + 31. Calculate the remainder when 19 is divided by b.
9
Let u = -170 - -311. Suppose 0 = 6*c - 63 - u. What is the remainder when 64 is divided by c?
30
Suppose 5*o = o + 12. Let k = o - 1. Suppose 0*p = -k*p - 2, -5*p = -2*s + 27. Calculate the remainder when 41 is divided by s.
8
Let i = -318 + 454. Calculate the remainder when i is divided by 6.
4
Let n be (-4)/14 - (-37)/7. Suppose 5*h - 304 = -3*l, 0*h - 2*h - 517 = -n*l. Calculate the remainder when l is divided by 26.
25
Let z = 11 - 4. Let u = -1 - -9. Let w = -4 + u. What is the remainder when z is divided by w?
3
Suppose -248*o = -231*o - 4539. Calculate the remainder when o is divided by 6.
3
Let u = 833 - -92. Calculate the remainder when u is divided by 32.
29
Let o(c) = 17 - c + 3 - 5. Let i = 7 - -65. What is the remainder when i is divided by o(0)?
12
Let x be 0/(25/5) - -7. Suppose -x*r = 3*r - 220. Suppose -141 = -5*b + 279. Calculate the remainder when b is divided by r.
18
Let x(o) = o. Let n be x(-5). Let m = 17 + n. Suppose 0 = -v + 3*v - m. What is the remainder when v is divided by 4?
2
Let q(g) = 18*g - 2. Let a be 7/((-7)/2) + 0. Let t be q(a). Let d = t - -78. What is the remainder when d is divided by 22?
18
Suppose 310 = -2*r + 7*r - 4*x, -4*r + 248 = 4*x. What is the remainder when 867 is divided by r?
61
Let j = -99 + 146. Let c = -42 + j. Calculate the remainder when 22 is divided by c.
2
Calculate the remainder when 164 is divided by (-4389)/(-84) + 4/(-16).
8
Suppose 0 = -6*v + 1422 + 1434. Calculate the remainder when v is divided by 10.
6
Let c = 12 + -21. Let g = 0 + c. Let o = g + 20. What is the remainder when 63 is divided by o?
8
Suppose -97*c - 282 = -103*c. What is the remainder when c is divided by 24?
23
Calculate the remainder when 31 is divided by ((-64)/(-16))/((-21)/12 - -2).
15
Let v be 86/(0/3 + -2). Let g = v + 31. Let i = g - -20. Calculate the remainder when 29 is divided by i.
5
Suppose -198 = -5*o + 97. What is the remainder when o is divided by (-19 + 6)*(-34)/17?
7
Let y = 243 + -220. Calculate the remainder when 40 is divided by y.
17
Let z = 1 + -1. Suppose 3*i - 2*l = z, 4*i - 14 = l - 3*l. Suppose i*p - 16 = -2*p. Calculate the remainder when 13 is divided by p.
1
Let h be 760/(-50)*70/(-4). Let y = 431 - 604. Let r = h + y. Calculate the remainder when r is divided by 19.
17
Suppose 0 = -3*w + 5*y, -3*w + 0 + 6 = -3*y. Suppose 5*l + 4*x - 46 = -w, -5*l + 49 = -4*x. What is the remainder when 31 is divided by l?
4
Suppose -261 = 42*f - 51*f. Calculate the remainder when 375 is divided by f.
27
Let z be 15/(-21) + 10/(-35). Let j be 24 + -2 + (-4)/z. Suppose 3*p - j = q, -4*p - q + 10 + 27 = 0. Calculate the remainder when 16 is divided by p.
7
Suppose 4*f = -5*g + 8 - 0, -5*f + 4*g = -10. Calculate the remainder when 31 is divided by (-1)/(-1 + f) + 17.
15
Let m(j) = 2*j**2 + j - 1. Calculate the remainder when 235 is divided by m(-3).
11
Let y(v) = 2*v - 39. Let l be y(-5). Let z = l + 62. What is the remainder when 75 is divided by z?
10
Let d be (-3)/1 - (-12 - -4). Suppose -5*o + 4*f = -67, 3*o + 0*o - 55 = -d*f. Let h = 33 - 24. Calculate the remainder when o is divided by h.
6
Suppose 13 = -3*p + h - 0*h, -5*p - 22 = -2*h. Let v be p*((-9)/(-6) + 2). What is the remainder when -1 - v - (13 + -11) is divided by 3?
2
Let u = 780 + -717. Calculate the remainder when 116 is divided by u.
53
Let x = 20 + 15. Calculate the remainder when x is divided by (348/145)/((-6)/(-50)).
15
Let f(q) = -q + 6. Let s be f(3). Let t(p) = p + 6. Calculate the remainder when 26 is divided by t(s).
8
Suppose -57 = -5*w + 1158. What is the remainder when w is divided by 62?
57
Suppose -6*d = -10*d + 104. What is the remainder when d is divided by 8?
2
Suppose s = -2*d + 18, -2*s + 0*d = d - 30. Let c be (2 - 5/(30/4))*-27. Let y = -12 - c. What is the remainder when y is divided by s?
10
Let r be ((-200)/75)/(2/(-3)). Suppose 6*d - r*d - 94 = 0. What is the remainder when d is divided by 12?
11
Let j(c) = 5*c**2 + 6*c - 25. Let r(i) = -4*i**2 - 5*i + 24. Let z(d) = 3*j(d) + 4*r(d). What is the remainder when z(0) is divided by 11?
10
Suppose -47 = -3*o - t, 2*t + 47 - 6 = 3*o. Suppose 32 = 12*h - 4*h. What is the remainder when o is divided by h?
3
Suppose 2*c + 2*c - 104 = 0. Suppose -2633 = -25*h - 783. What is the remainder when h is divided by c?
22
Let m be 6/(-4)*(-14)/7. Suppose 0 = -m*s + s - 10, -4*b + 4*s = -140. What is the remainder when b is divided by 8?
6
What is the remainder when 273 - -1 - (3 + 12/(-4)) is divided by 4?
2
Let b(f) = 4*f**2 - 40*f + 12. What is the remainder when b(15) is divided by 153?
6
Let h(y) = 3*y**2 - 6*y + 5. Suppose -g + 5*v = -81, -15 = -0*v + 3*v. What is the remainder when g is divided by h(4)?
27
Suppose 6*f - 3630 = -24*f. What is the remainder when f is divided by 19?
7
Let g = 1685 - 1626. What is the remainder when g is divided by 27?
5
Let m(z) = -z**3 + 15*z**2 - 66*z + 77. Calculate the remainder when 103 is divided by m(7).
5
Let r = 16 + -11. Let w = 4 - 1. Suppose 3*y - 2*f + 12 = 6*y, 3*y - w*f - 12 = 0. What is the remainder when r is divided by y?
1
Let t be 48/9*3/(-2)*-1. Calculate the remainder when 23 is divided by (t - 5)/((-3)/(-5)) + 0.
3
Let p = -18 + 30. Let b(t) = 2*t**2 + 12*t + 4. Calculate the remainder when p is divided by b(-6).
0
Suppose -f - 2*m + 137 = 0, 5*m - 515 = -4*f + 8*m. What is the remainder when f is divided by 71?
60
Suppose -10*s = -12*s + 22. Let l = -28 + 60. What is the remainder when l is divided by s?
10
Let m = 25 + 21. Let l be (1 - 0)*125/5. Suppose f + 0*f - l = 0. Calculate the remainder when m is divided by f.
21
Let m = 7 - 5. Suppose -7 = m*y - 83. Let g = -943 + 953. What is the remainder when y is divided by g?
8
Let n(p) = p**3 + 11*p**2 - 6*p - 19. Calculate the remainder when n(-11) is divided by 13.
8
Let n(f) be the third derivative of 13*f**6/120 - f**5/60 + f**4/24 + f**3/6 + 30*f**2. What is the remainder when 55 is divided by n(1)?
13
Let g = -68